5*f**2 + 4*f - 31. Determine d(-3).
2
Let a(p) = p**3 - 41*p**2 + 35*p + 201. Calculate a(40).
1
Let i(y) = -24*y + 216. Calculate i(9).
0
Let u(c) = -2*c**2 + 37*c + 150. Determine u(22).
-4
Let l(f) = -f**3 - 11*f**2 - f + 4. Give l(-11).
15
Let o(x) = -2*x**2 + 14*x - 28. What is o(6)?
-16
Let z(y) = y**3 - 6*y**2 - 5*y + 9. Determine z(7).
23
Let i(u) = 3*u - 35. Determine i(12).
1
Let p(m) = -m**3 - 6*m**2 - 6*m - 7. Determine p(-5).
-2
Let x(h) = 6*h + 59. Calculate x(-11).
-7
Let j(h) = -h**2 + h - 5. Calculate j(4).
-17
Let y(w) = w**2 - 21*w + 8. Calculate y(25).
108
Let p(b) = -b**3 - 35*b**2 - 2*b - 59. Determine p(-35).
11
Let w(f) = -f**3 + 7*f**2 - f - 6. Determine w(6).
24
Let c(f) = -f**3 - 9*f**2 + 34*f - 27. What is c(-12)?
-3
Let c(u) = u**3 - 17*u**2 + 1. Determine c(17).
1
Let w(l) = l**3 - 6*l**2 - 9*l - 2. Give w(7).
-16
Let q(p) = p - 29. Calculate q(23).
-6
Let m(p) = -p**3 - 18*p**2 + 21*p + 36. Give m(-19).
-2
Let x(r) = r**3 - 14*r**2 + 51*r - 29. Give x(5).
1
Let r(g) = g**2 + 21*g + 40. Give r(-18).
-14
Let d(f) = f**2 - 5*f + 7. Calculate d(3).
1
Let d(s) = -3*s. Give d(2).
-6
Let n(v) = -14*v**3 + 6*v - 5. Give n(1).
-13
Let t(g) = g**3 - 8*g**2 + 8*g + 10. Calculate t(6).
-14
Let c(j) = -5*j - 3. What is c(10)?
-53
Let u(t) = -16*t - 57. Calculate u(-6).
39
Let s(l) = 4*l + 86. Give s(-11).
42
Let l(j) = -j - 6. Give l(-9).
3
Let q(o) = o - 23. Give q(26).
3
Let v(d) = -d**3 - 10*d**2 + 23*d - 11. Calculate v(-12).
1
Let n(c) = c**3 - 11*c**2 + 7*c - 9. Determine n(10).
-39
Let h(b) = -45*b + 219. What is h(5)?
-6
Let j(i) = i**3 + 13*i**2 - 30*i + 26. What is j(-15)?
26
Let i(a) = 15*a + 117. Give i(-8).
-3
Let v(z) = -z**3 - 15*z**2 - 13*z + 8. Give v(-14).
-6
Let s(k) = k**2 + 17*k + 43. Calculate s(-12).
-17
Let z(k) = -k**3 + 5*k**2 + 5*k + 4. Give z(6).
-2
Let k(t) = -2*t - 29. Determine k(-9).
-11
Let z(o) = o**2 + 17*o + 79. Determine z(-8).
7
Let i(g) = -4*g + 18. Give i(5).
-2
Let k(o) = -3*o**3 - 2*o**2 + 3*o - 5. Calculate k(-4).
143
Let o(k) = k**2 + 2*k - 14. Calculate o(5).
21
Let r(t) = -4*t - 38. Calculate r(-9).
-2
Let u(j) = -j**2 + j + 60. Give u(-7).
4
Let a(c) = c - 6. What is a(-10)?
-16
Let l(i) = -4*i**2 - i - 1. Give l(-1).
-4
Let d(v) = -v**3 + 6*v**2 - 5*v + 3. Determine d(3).
15
Let k(a) = a**2 - 10*a - 5. What is k(11)?
6
Let d(a) = 37*a + 233. Give d(-6).
11
Let f(t) = -t**2 - 10*t + 2. Calculate f(-11).
-9
Let l(x) = x**3 + 7*x**2 - 21*x - 19. What is l(-10)?
-109
Let j(a) = -4*a - 23. Determine j(0).
-23
Let n(x) = 3*x - 6. Calculate n(7).
15
Let c(m) = -3*m - 1. Determine c(5).
-16
Let d(h) = 4*h**2 + 2*h + 13. What is d(3)?
55
Let l(s) = 22*s**3 + 2*s**2 + s. Calculate l(-1).
-21
Let j(p) = 2*p**3 - 11*p**2 - 9*p + 14. Determine j(6).
-4
Let x(h) = h**3 + 5*h**2 + 7*h + 10. Determine x(-3).
7
Let m(n) = -n**2 + 4*n - 4. What is m(3)?
-1
Let g(v) = v**3 + 13*v**2 - 13*v + 29. What is g(-14)?
15
Let t(u) = -2*u**2 - 7*u - 16. Calculate t(-3).
-13
Let r(j) = j - 4. What is r(5)?
1
Let v(i) = 29*i**2 - 1. What is v(-1)?
28
Let y(t) = t**3 - 17*t**2 - 8*t + 37. Calculate y(17).
-99
Let y(o) = o**3 - 12*o**2 - 13*o - 1. Determine y(13).
-1
Let s(z) = -z**2 - 4*z + 7. Determine s(-6).
-5
Let k(j) = j**3 - 5*j**2 + 4*j - 21. Calculate k(5).
-1
Let j(o) = -3*o**2 + 53*o - 28. What is j(17)?
6
Let m(d) = -d**3 - 5*d**2 - 4*d + 3. Determine m(-4).
3
Let j(g) = -g**3 + 7*g**2 + 3*g - 12. Give j(7).
9
Let p(g) = g**3 + 6*g**2 - 3*g + 1. What is p(-6)?
19
Let t(i) = i**3 + 2*i**2 + 21. What is t(3)?
66
Let h(v) = 3*v**2 - 6*v - 2. Determine h(-3).
43
Let p(g) = g**2 - 6*g - 1. Calculate p(6).
-1
Let m(b) = -7*b - 18. What is m(-3)?
3
Let l(t) = t**3 - 7*t**2 - 8*t + 2. Determine l(8).
2
Let w(i) = 3*i + 6. Determine w(2).
12
Let j(q) = q**2 - 5*q + 9. What is j(2)?
3
Let j(a) = -2*a**3 - a**2 + a + 1. What is j(-2)?
11
Let q(y) = -24*y + 186. What is q(8)?
-6
Let a(b) = b**3 - 10*b**2 + 12*b - 1. Give a(8).
-33
Let s(u) = 2*u**3 + 135*u**2 - 67*u + 63. Give s(-68).
-5
Let i(v) = -21*v - 26. Calculate i(-7).
121
Let h(v) = v**2 - 7*v + 9. Calculate h(5).
-1
Let a(c) = 4*c + 9. Calculate a(-8).
-23
Let l(m) = -5*m**2 + 31*m - 6. What is l(6)?
0
Let a(i) = -i**3 - 3*i**2 - i + 5. What is a(-3)?
8
Let n(s) = 4*s + 39. What is n(0)?
39
Let r(n) = 9*n**3 + n**2 - 4*n - 4. Give r(-1).
-8
Let b(a) = 41*a + 291. Calculate b(-7).
4
Let c(w) = w**2 + 3*w + 2. Calculate c(-4).
6
Let b(h) = -2*h**2 - 17*h + 3. Calculate b(-9).
-6
Let i(o) = o**2 + 11*o + 9. Determine i(-9).
-9
Let f(x) = -x**3 - x**2 - 10*x + 10. What is f(5)?
-190
Let w(i) = -i**3 + 9*i**2 + 14*i + 9. Give w(10).
49
Let s(y) = -y**3 - 23*y**2 - 18*y + 26. Calculate s(-22).
-62
Let p(k) = k**3 + 8*k**2 - 13*k - 9. Give p(-9).
27
Let y(z) = -z**2 - 10*z + 4. Determine y(-10).
4
Let w(b) = b - 62. Calculate w(21).
-41
Let q(z) = -z - 15. What is q(-10)?
-5
Let i(w) = 2*w**3 + 5*w**2 - 9*w - 8. What is i(-3)?
10
Let v(b) = -b**2 - 8*b - 5. What is v(-9)?
-14
Let g(w) = w**3 + 6*w**2 + w - 10. Give g(-4).
18
Let z(n) = n**2 - 7*n + 7. Give z(9).
25
Let o(b) = 2*b**2 - 13*b + 6. Determine o(6).
0
Let b(g) = g**3 - 3*g**2 - 3*g. What is b(4)?
4
Let i(c) = -c**2 + 22*c - 104. What is i(7)?
1
Let v(y) = y**3 + y - 2. Determine v(-2).
-12
Let n(t) = -8*t - 36. Give n(20).
-196
Let o(r) = -10*r + 107. Determine o(11).
-3
Let s(b) = b**3 + 19*b**2 + b + 29. Determine s(-19).
10
Let r(g) = -2*g**2 + 14*g + 78. Determine r(10).
18
Let x(n) = n**3 + 14*n**2 + 5*n - 107. Calculate x(-13).
-3
Let p(s) = -s**3 - 10*s**2 - 3*s - 18. Give p(-10).
12
Let v(y) = 2*y**2 - 45*y + 27. Determine v(22).
5
Let n(q) = -6*q**3 + 3*q**2 - q + 5. Calculate n(-3).
197
Let g(a) = -45*a - 89. Calculate g(-2).
1
Let u(k) = 2*k**2 - 20*k + 6. What is u(10)?
6
Let o(r) = -2*r**2 + 7*r + 4. Give o(8).
-68
Let i(t) = -t**3 + 3*t**2 + 2*t - 5. Determine i(-3).
43
Let c(l) = -l**3 + 8*l**2 + 2*l - 2. Calculate c(8).
14
Let x(k) = 5*k + 31. Determine x(-6).
1
Let b(w) = 23*w + 16. Calculate b(-5).
-99
Let v(b) = b - 18. Calculate v(16).
-2
Let h(r) = r**2 - 11*r - 38. What is h(10)?
-48
Let w(h) = h**3 + 13*h**2 + h + 15. Calculate w(-13).
2
Let o(x) = -x - 1. Give o(-8).
7
Let x(v) = -v**2 + v + 25. What is x(0)?
25
Let n(l) = -2*l**3 - l**2. Give n(-1).
1
Let q(w) = w**2 + 73*w + 342. Determine q(-68).
2
Let l(b) = 2*b**2 - 7*b - 3. Determine l(4).
1
Let i(h) = 2*h**2 + 10*h + 14. Give i(-2).
2
Let q(b) = -4*b**2 + 54*b + 48. Calculate q(14).
20
Let u(l) = 2*l**2 - 9*l - 9. Give u(-2).
17
Let t(u) = -41*u**2 + 3*u - 2. Determine t(1).
-40
Let c(d) = -2*d**2 - 6*d - 14. Give c(-3).
-14
Let d(k) = k**3 + 24*k**2 - 50*k + 51. Give d(-26).
-1
Let n(a) = 4*a - 3. Calculate n(-2).
-11
Let v(j) = -j**2 + 20*j - 26. What is v(16)?
38
Let k(t) = 4*t**2 - 7*t + 6. What is k(1)?
3
Let x(j) = 2*j**3 + j**2 + 3*j - 2. Determine x(1).
4
Let j(y) = -17*y - 3. Give j(-1).
14
Let x(l) = -l**3 + 14*l**2 + 15*l + 3. Determine x(15).
3
Let t(y) = -y**3 + 24*y**2 - 25*y + 53. What is t(23)?
7
Let g(n) = -n + 3. Give g(-4).
7
Let u(o) = o**3 - 4*o**2 - 9*o + 2. What is u(6)?
20
Let v(p) = -20*p - 72. Determine v(0).
-72
Let c(k) = -2*k**3 + 18*k**2 - 10*k - 22. Give c(8).
26
Let s(h) = h**2 + 13*h. Determine s(-8).
-40
Let z(s) = -s**3 - 5*s**2 - 3*s + 1. Give z(-4).
-3
Let p(w) = 5*w - 38. Determine p(23).
77
Let c(p) = p - 4. Give c(4).
0
Let r(f) = -19*f - 20. What is r(-5)?
75
Let r(v) = v**2 - 7*v + 9. What is r(7)?
9
Let d(n) = n**3 + 22*n**2 + 39*n + 44. Calculate d(-20).
64
Let g(w) = w**3 + 7*w**2 - 19*w - 13. Give g(-9).
-4
Let n(d) = 6*d + 26. Give n(-5).
-4
Let n(x) = 27*x - 82. Give n(5).
53
Let a(t) = -9*t + 31. What is a(5)?
-14
Let x(s) = s**3 + 35*s**2 + 97*s + 27. Calculate x(-32).
-5
Let c(i) = i**3 - 9*i**2 - 11*i + 7. Determine c(10).
-3
Let p(c) = 8*c - 6. What is p(3)?
18
Let n(c) = -c**3 - 11*c**2 - 18*c + 25. Calculate n(-10).
105
Let m(d) = -d**3 + 8*d**2 - 15*d + 13. Determine m(5).
13
Let t(o) = -2*o**2 + 28*o + 30. What is t(15)?
0
Let j(v) = 4*v - 6. What is j(6)?
18
Let a(u) = 22*u - 512. Calculate a(23).
-6
Let w(k) = -k**3 - 12*k**2 - 33*k - 6. Give w(-8).
2
Let b(w) = -6*w**2 + 3*w + 2. Calculate b(3).
-43
Let y(t) = t**2 - 2*t - 11. Calculate y(5).
4
Let p(v